3 a factor of 6456?
False
Is 30324 a multiple of 21?
True
Is 7140 a multiple of 6?
True
Is 17 a factor of 10844?
False
Is 110 a factor of 3410?
True
Is 16 a factor of 2416?
True
Is 3180 a multiple of 53?
True
Does 88 divide 6525?
False
Does 10 divide 66120?
True
Does 40 divide 3360?
True
Does 49 divide 1034?
False
Is 776 a multiple of 97?
True
Does 98 divide 1991?
False
Is 7 a factor of 219?
False
Does 23 divide 253?
True
Is 4 a factor of 45?
False
Is 93 a factor of 2463?
False
Is 1430 a multiple of 55?
True
Is 14448 a multiple of 56?
True
Does 14 divide 11156?
False
Does 56 divide 18648?
True
Is 3088 a multiple of 31?
False
Is 22 a factor of 22519?
False
Is 125 a factor of 7550?
False
Is 5 a factor of 3419?
False
Is 16 a factor of 688?
True
Is 2124 a multiple of 31?
False
Is 31 a factor of 212?
False
Does 18 divide 36?
True
Is 20 a factor of 2893?
False
Is 697 a multiple of 27?
False
Is 106 a factor of 2815?
False
Is 13 a factor of 29248?
False
Is 784 a multiple of 22?
False
Does 8 divide 3349?
False
Is 380 a multiple of 10?
True
Is 67 a factor of 545?
False
Is 2826 a multiple of 6?
True
Does 77 divide 4312?
True
Is 11187 a multiple of 113?
True
Is 79360 a multiple of 128?
True
Is 352 a multiple of 16?
True
Is 4 a factor of 28296?
True
Is 38 a factor of 4522?
True
Does 31 divide 750?
False
Is 52 a factor of 936?
True
Is 39 a factor of 546?
True
Is 152 a factor of 33744?
True
Is 3744 a multiple of 39?
True
Is 1745 a multiple of 65?
False
Does 48 divide 96?
True
Is 482 a factor of 109896?
True
Does 84 divide 15708?
True
Is 2907 a multiple of 57?
True
Is 99 a factor of 67221?
True
Is 117 a multiple of 3?
True
Does 54 divide 21317?
False
Is 70 a factor of 2660?
True
Is 13 a factor of 176774?
True
Is 1300 a multiple of 24?
False
Does 7 divide 861?
True
Is 6 a factor of 781?
False
Does 18 divide 1316?
False
Does 34 divide 1238?
False
Is 13 a factor of 2912?
True
Is 34 a factor of 26282?
True
Is 26 a factor of 3134?
False
Is 663 a multiple of 5?
False
Is 29 a factor of 5976?
False
Is 126 a multiple of 19?
False
Is 1508 a multiple of 33?
False
Is 35 a factor of 700?
True
Is 784 a multiple of 28?
True
Does 27 divide 4698?
True
Is 1032 a multiple of 86?
True
Does 21 divide 114349?
False
Does 41 divide 1435?
True
Is 106 a factor of 1272?
True
Is 21216 a multiple of 17?
True
Is 14002 a multiple of 62?
False
Is 121 a multiple of 9?
False
Is 23375 a multiple of 25?
True
Is 922 a multiple of 38?
False
Does 52 divide 208?
True
Does 19 divide 1007?
True
Does 60 divide 2707?
False
Is 146 a multiple of 2?
True
Is 21138 a multiple of 24?
False
Is 46 a factor of 414?
True
Is 152 a factor of 28880?
True
Does 82 divide 246?
True
Is 37 a factor of 6234?
False
Does 3 divide 352?
False
Is 6 a factor of 78?
True
Is 956 a multiple of 6?
False
Is 2381 a multiple of 19?
False
Is 522 a multiple of 3?
True
Does 14 divide 16286?
False
Is 2184 a multiple of 47?
False
Is 2 a factor of 248?
True
Does 15 divide 61095?
True
Is 171 a factor of 5539?
False
Does 24 divide 2647?
False
Is 4025 a multiple of 23?
True
Is 14937 a multiple of 13?
True
Does 10 divide 2320?
True
Is 13400 a multiple of 134?
True
Is 1092 a multiple of 17?
False
Is 4620 a multiple of 3?
True
Is 2911 a multiple of 211?
False
Is 4189 a multiple of 71?
True
Does 4 divide 31?
False
Is 8 a factor of 21593?
False
Is 13616 a multiple of 134?
False
Is 11325 a multiple of 75?
True
Is 3701 a multiple of 5?
False
Is 6 a factor of 12990?
True
Is 69 a factor of 759?
True
Is 79 a factor of 3046?
False
Does 108 divide 106112?
False
Is 11187 a multiple of 11?
True
Is 8 a factor of 141?
False
Does 18 divide 104?
False
Is 130 a factor of 7150?
True
Is 39538 a multiple of 50?
False
Does 122 divide 2166?
False
Does 13 divide 35867?
True
Is 5130 a multiple of 30?
True
Does 43 divide 24166?
True
Is 12 a factor of 9473?
False
Is 5534 a multiple of 5?
False
Does 5 divide 4797?
False
Is 108 a factor of 216?
True
Does 23 divide 1653?
False
Does 19 divide 95?
True
Does 132 divide 23632?
False
Is 47082 a multiple of 22?
False
Is 38 a factor of 3200?
False
Does 67 divide 1000?
False
Does 18 divide 1710?
True
Is 53 a factor of 1908?
True
Is 11934 a multiple of 117?
True
Is 25 a factor of 231?
False
Does 13 divide 208?
True
Does 29 divide 145?
True
Is 56 a factor of 13216?
True
Does 26 divide 51?
False
Is 17 a factor of 270?
False
Is 11258 a multiple of 151?
False
Is 622 a multiple of 16?
False
Is 37 a factor of 727?
False
Is 42 a factor of 20118?
True
Does 43 divide 645?
True
Does 177 divide 68676?
True
Is 107 a factor of 33562?
False
Is 377 a multiple of 13?
True
Does 48 divide 2880?
True
Does 66 divide 37224?
True
Is 19 a factor of 2674?
False
Is 116 a factor of 18315?
False
Is 5050 a multiple of 25?
True
Does 31 divide 7866?
False
Is 16160 a multiple of 10?
True
Is 57 a factor of 26801?
False
Does 13 divide 6353?
False
Is 19501 a multiple of 29?
False
Is 28 a factor of 1556?
False
Is 662 a multiple of 13?
False
Is 7022 a multiple of 6?
False
Is 5 a factor of 315?
True
Does 37 divide 1692?
False
Does 22 divide 10846?
True
Is 6 a factor of 72921?
False
Is 2852 a multiple of 84?
False
Is 31 a factor of 5022?
True
Is 25 a factor of 55700?
True
Does 109 divide 5123?
True
Is 58 a multiple of 6?
False
Is 2 a factor of 403?
False
Is 85702 a multiple of 146?
True
Is 464 a multiple of 25?
False
Does 26 divide 216?
False
Is 8162 a multiple of 21?
False
Does 12 divide 95?
False
Is 4264 a multiple of 14?
False
Does 8 divide 26665?
False
Is 1548 a multiple of 18?
True
Is 20 a factor of 585?
False
Is 12716 a multiple of 57?
False
Does 22 divide 550?
True
Does 99 divide 30492?
True
Is 89 a factor of 12383?
False
Is 34 a factor of 68?
True
Is 177 a factor of 10974?
True
Does 210 divide 5517?
False
Does 165 divide 8737?
False
Is 66 a multiple of 33?
True
Does 13 divide 5278?
True
Is 1397 a multiple of 17?
False
Is 23 a factor of 7176?
True
Is 5005 a multiple of 13?
True
Is 14 a factor of 3066?
True
Is 60 a factor of 60120?
True
Is 1200 a multiple of 30?
True
Is 69921 a multiple of 9?
True
Is 203 a multiple of 29?
True
Is 9356 a multiple of 122?
False
Is 79 a factor of 34286?
True
Is 171 a factor of 11628?
True
Does 26 divide 1973?
False
Is 10 a factor of 3440?
True
Is 4305 a multiple of 5?
True
Is 314 a multiple of 30?
False
Is 29344 a multiple of 56?
True
Is 3 a factor of 13587?
True
Is 168 a multiple of 8?
True
Does 46 divide 4130?
False
Is 5 a factor of 5860?
True
Does 13 divide 273?
True
Is 539 a multiple of 7?
True
Is 15 a factor of 200?
False
Is 797 a multiple of 6?
False
Is 2618 a multiple of 11?
True
Does 114 divide 10786?
False
Does 20 divide 1124?
False
Does 56 divide 841?
False
Is 12 a factor of 132?
True
Is 9 a factor of 51678?
True
Does 20 divide 49047?
False
Does 43 divide 11137?
True
Is 26 a factor of 171?
False
Does 48 divide 399?
False
Is 8585 a multiple of 17?
True
Does 91 divide 3549?
True
Is 19 a factor of 124?
False
Does 124 divide 23808?
True
Is 32 a factor of 129?
False
Is 4 a factor of 14777?
False
Is 14 a factor of 4877?
False
Does 99 divide 971?
False
Is 2520 a multiple of 140?
True
Is 69 even?
False
Is 173 a factor of 6401?
True
Is 28 a factor of 308?
True
Is 13 a factor of 624?
True
Does 8 divide 15472?
True
Does 184 divide 53762?
False
Is 10 a factor of 4350?
True
Is 101 a factor of 1919?
True
Does 18 divide 954?
True
Is 16317 a multiple of 14?
False
Does 27 divide 3608?
False
Does 22 divide 616?
True
Does 28 divide 1450?
False
Is 15905 a multiple of 31?
False
Is 35 a factor of 5250?
True
Is 688 a multiple of 29?
False
Does 14 divide 1835?
False
Is 1875 a multiple of 25?
True
Is 163908 a multiple of 12?
True
Is 13803 a multiple of 107?
True
Is 372 a factor of 125364?
True
Does 8 divide 4039?
False
Is 698 a multiple of 2?
True
Is 3196 a multiple of 17?
True
Is 7 a factor of 1066?
False
Is 104 a factor of 1665?
False
Is 8 a factor of 12176?
True
Is 9 a factor of 648?
True
Does 3 divide 74?
False
Is 824 a multiple of 8?
True
Is 69 a factor of 37205?
False
Is 9514 a multiple of 33?
False
Does 25 divide 150?
True
Is 19 a factor of 1137?
False
Is 30 a factor of 1170?
True
Is 15 a factor of 282?
False
Is 4733 a multiple of 2?
False
Is 7 a factor of 877?
False
Is 7097 a multiple of 47?
True
Is 8568 a multiple of 9?
True
Is 9280 